s of 829.
829
List the prime factors of 14216.
2, 1777
What are the prime factors of 1926?
2, 3, 107
What are the prime factors of 935?
5, 11, 17
List the prime factors of 12318.
2, 3, 2053
List the prime factors of 1317.
3, 439
What are the prime factors of 143212?
2, 35803
What are the prime factors of 1639?
11, 149
What are the prime factors of 1990?
2, 5, 199
List the prime factors of 2195.
5, 439
List the prime factors of 14078.
2, 7039
List the prime factors of 7621.
7621
List the prime factors of 2399.
2399
List the prime factors of 1171.
1171
What are the prime factors of 12553?
12553
List the prime factors of 4779.
3, 59
List the prime factors of 25253.
25253
What are the prime factors of 919?
919
What are the prime factors of 3239?
41, 79
List the prime factors of 19509.
3, 7, 929
List the prime factors of 20253.
3, 43, 157
List the prime factors of 56479.
56479
List the prime factors of 13337.
13337
What are the prime factors of 503?
503
List the prime factors of 5773.
23, 251
What are the prime factors of 7204?
2, 1801
What are the prime factors of 1948?
2, 487
List the prime factors of 8413.
47, 179
What are the prime factors of 9125?
5, 73
List the prime factors of 3000.
2, 3, 5
List the prime factors of 48339.
3, 41, 131
List the prime factors of 6808.
2, 23, 37
What are the prime factors of 23696?
2, 1481
What are the prime factors of 243?
3
What are the prime factors of 1307?
1307
List the prime factors of 14045.
5, 53
List the prime factors of 14081.
14081
List the prime factors of 5605.
5, 19, 59
List the prime factors of 8518.
2, 4259
List the prime factors of 9581.
11, 13, 67
List the prime factors of 969.
3, 17, 19
What are the prime factors of 2133?
3, 79
What are the prime factors of 56322?
2, 3, 7, 149
List the prime factors of 3737.
37, 101
List the prime factors of 9406.
2, 4703
What are the prime factors of 98677?
101, 977
List the prime factors of 126508.
2, 31627
List the prime factors of 319.
11, 29
What are the prime factors of 13254?
2, 3, 47
List the prime factors of 4873.
11, 443
What are the prime factors of 1886?
2, 23, 41
What are the prime factors of 999?
3, 37
What are the prime factors of 51824?
2, 41, 79
What are the prime factors of 118742?
2, 13, 4567
List the prime factors of 13804.
2, 7, 17, 29
List the prime factors of 2260.
2, 5, 113
What are the prime factors of 98526?
2, 3, 16421
What are the prime factors of 32740?
2, 5, 1637
List the prime factors of 5309.
5309
List the prime factors of 60252.
2, 3, 5021
List the prime factors of 77422.
2, 38711
List the prime factors of 63139.
103, 613
List the prime factors of 15328.
2, 479
List the prime factors of 18835.
5, 3767
List the prime factors of 60385.
5, 13, 929
List the prime factors of 925.
5, 37
List the prime factors of 1948.
2, 487
What are the prime factors of 16319?
16319
List the prime factors of 6867.
3, 7, 109
List the prime factors of 30411.
3, 31, 109
What are the prime factors of 911?
911
What are the prime factors of 7774?
2, 13, 23
List the prime factors of 24934.
2, 7, 13, 137
List the prime factors of 813.
3, 271
List the prime factors of 6302.
2, 23, 137
List the prime factors of 540.
2, 3, 5
List the prime factors of 18148.
2, 13, 349
What are the prime factors of 48527?
48527
List the prime factors of 49052.
2, 12263
List the prime factors of 1537.
29, 53
What are the prime factors of 367?
367
List the prime factors of 3729.
3, 11, 113
List the prime factors of 9487.
53, 179
What are the prime factors of 1379?
7, 197
List the prime factors of 41722.
2, 23, 907
List the prime factors of 869.
11, 79
List the prime factors of 31916.
2, 79, 101
What are the prime factors of 91570?
2, 5, 9157
List the prime factors of 1383.
3, 461
List the prime factors of 4.
2
List the prime factors of 63755.
5, 41, 311
List the prime factors of 823.
823
What are the prime factors of 5956?
2, 1489
What are the prime factors of 67184?
2, 13, 17, 19
What are the prime factors of 19?
19
List the prime factors of 7290.
2, 3, 5
List the prime factors of 12901.
7, 19, 97
What are the prime factors of 9818?
2, 4909
What are the prime factors of 60?
2, 3, 5
List the prime factors of 74393.
11, 6763
List the prime factors of 16938.
2, 3, 941
List the prime factors of 4255.
5, 23, 37
List the prime factors of 1944.
2, 3
What are the prime factors of 1279?
1279
List the prime factors of 587.
587
List the prime factors of 145643.
145643
What are the prime factors of 439?
439
What are the prime factors of 867?
3, 17
What are the prime factors of 1415?
5, 283
List the prime factors of 5383.
7, 769
List the prime factors of 184179.
3, 29, 73
List the prime factors of 11514.
2, 3, 19, 101
What are the prime factors of 486?
2, 3
What are the prime factors of 122732?
2, 61, 503
List the prime factors of 29075.
5, 1163
What are the prime factors of 2027?
2027
What are the prime factors of 4933?
4933
What are the prime factors of 26156?
2, 13, 503
What are the prime factors of 1965?
3, 5, 131
List the prime factors of 3635.
5, 727
List the prime factors of 4651.
4651
List the prime factors of 2520.
2, 3, 5, 7
What are the prime factors of 6846?
2, 3, 7, 163
List the prime factors of 728.
2, 7, 13
What are the prime factors of 113695?
5, 22739
What are the prime factors of 55255?
5, 43, 257
List the prime factors of 6462.
2, 3, 359
List the prime factors of 718.
2, 359
What are the prime factors of 39822?
2, 3, 6637
What are the prime factors of 961?
31
What are the prime factors of 802?
2, 401
List the prime factors of 21241.
11, 1931
List the prime factors of 3864.
2, 3, 7, 23
What are the prime factors of 2778?
2, 3, 463
What are the prime factors of 55255?
5, 43, 257
What are the prime factors of 98?
2, 7
List the prime factors of 17935.
5, 17, 211
What are the prime factors of 2805?
3, 5, 11, 17
What are the prime factors of 21631?
97, 223
What are the prime factors of 20935?
5, 53, 79
What are the prime factors of 8682?
2, 3, 1447
List the prime factors of 2601.
3, 17
List the prime factors of 802.
2, 401
List the prime factors of 1631.
7, 233
List the prime factors of 1863.
3, 23
What are the prime factors of 26824?
2, 7, 479
List the prime factors of 90205.
5, 18041
List the prime factors of 5746.
2, 13, 17
List the prime factors of 3249.
3, 19
List the prime factors of 32372.
2, 8093
List the prime factors of 24075.
3, 5, 107
What are the prime factors of 29471?
13, 2267
What are the prime factors of 38641?
17, 2273
What are the prime factors of 404?
2, 101
What are the prime factors of 84?
2, 3, 7
What are the prime factors of 30689?
30689
List the prime factors of 1977.
3, 659
What are the prime factors of 1490?
2, 5, 149
What are the prime factors of 1116?
2, 3, 31
What are the prime factors of 296?
2, 37
What are the prime factors of 572?
2, 11, 13
What are the prime factors of 164671?
13, 53, 239
What are the prime factors of 38082?
2, 3, 11, 577
List the prime factors of 8602.
2, 11, 17, 23
List the prime factors of 62713.
7, 17, 31
What are the prime factors of 6574?
2, 19, 173
List the prime factors of 15067.
13, 19, 61
List the prime factors of 128.
2
What are the prime factors of 1034?
2, 11, 47
List the prime factors of 1336.
2, 167
What are the prime factors of 3227?
7, 461
List the prime factors of 20082.
2, 3, 3347
What are the prime factors of 67?
67
List the prime factors of 1075.
5, 43
List the prime factors of 139394.
2, 69697
What are the prime factors of 1083?
3, 19
List the prime factors of 12514.
2, 6257
List the prime factors of 92514.
2, 3, 17, 907
What are the prime factors of 571?
571
What are the prime factors of 1204?
2, 7, 43
List the prime factors of 70173.
3, 23, 113
What are the prime factors of 24169?
24169
What are the prime factors of 19925?
5, 797
List the prime factors of 6551.
6551
List the prime factors of 10378.
2, 5189
List the prime factors of 11906.
2, 5953
List the prime factors of 13304.
2, 1663
What are the prime factors of 5916?
2, 3, 17, 29
List the prime factors of 55060.
2, 5, 2753
List the prime factors of 9263.
59, 157
List the prime factors of 8359.
13, 643
List the prime factors of 10247.
10247
List the prime factors of 4314.
2, 3, 719
What are the prime factors of 3083?
3083
What are the prime facto